pose -38 - 4 = -m. Suppose -14*o + 6*o - 224 = 0. Let b = o - -40. Calculate the greatest common factor of m and b.
6
Suppose -22*h + 31 - 31 = -66. What is the greatest common factor of 156 and h?
3
Suppose -48*h + 1593 = -51*h. Let w = 125 - h. What is the greatest common divisor of 82 and w?
82
Suppose -2*l = 3*j - 9, -l + 5*j - 15 = -6*l. Suppose 0 = -y - 5*x + 29, l*x = 3*x - 12. What is the highest common divisor of 171 and y?
9
Suppose 4*b - 6 = 2*j, -2*j - 11*b + 9*b = -18. Suppose -1278 = -j*y - 303. Calculate the highest common factor of 39 and y.
39
Let z(c) = 5 + 13 + 2*c**2 + 4 - 12*c. Let n be z(-11). Suppose 3*y - 92 = 4*q, 0*q = 5*y - 4*q - 164. Calculate the greatest common factor of y and n.
36
Let o be 16/(-10) - (1723876/(-145))/28. Calculate the highest common divisor of 188 and o.
47
Let t be 12 + 1 + -4 + 4. Suppose 7*s - 573 = -t. What is the highest common factor of 50 and s?
10
Suppose 72*z - 66*z - 12 = 0. Suppose -z*a - 3*n + 493 = -445, 0 = -4*a + 3*n + 1876. Calculate the highest common divisor of a and 14.
7
Suppose -4*y + 12958 = 2*k, -3*y + 4*k = -0*k - 9702. Suppose -3722 = -10*x + y. Calculate the highest common divisor of 58 and x.
58
Suppose -2*g + 10*j = 11*j - 58, -4*g + 4*j = -104. Suppose 3*d - 12 = -3*d. What is the highest common divisor of g and d?
2
Let n = 610 - 221. Suppose -2*d + s + 170 - 15 = 0, -s - n = -5*d. Calculate the greatest common factor of 104 and d.
26
Let z = -4901 - -4919. Calculate the highest common divisor of z and 102.
6
Suppose -57 = -29*w + 30. Let i be ((-1014)/(-9))/((-4)/w + 2). What is the greatest common divisor of 13 and i?
13
Let h be (-18)/(-15)*105400/255. Calculate the greatest common divisor of h and 56.
8
Suppose 3*w + 0*h + 2*h = -481, 5*w = -2*h - 799. Let u = w - -166. Let p = 42 - 14. What is the greatest common factor of u and p?
7
Suppose 0 = -74*y + 118 + 8540. Calculate the greatest common factor of 135 and y.
9
Let k = 21422 - 12070. What is the greatest common divisor of 56 and k?
56
Let x(o) = -4*o - 16. Let h be x(6). Let s be h/(-18) - (-2)/(-9). Suppose t = -a + 10, a + 10 = s*a - 3*t. Calculate the highest common factor of 4 and a.
2
Suppose 0 = z + 5*d + 139, -2*z - 3*d + 3 - 246 = 0. Let t be 217 - (2 - 1)*-1. Let j = t + z. Calculate the highest common factor of j and 8.
8
Suppose 16 - 3 = j. Let k(v) = -v**3 + 14*v**2 - 12*v - 4. Let y be k(j). What is the highest common factor of y and 3?
3
Let x be (1*-3)/(1833/(-7943)). Let t be 4/10 - (-518)/5. What is the highest common divisor of t and x?
13
Suppose -g + 28 = 31, -4*g = -2*l + 170. Calculate the greatest common factor of l and 3713.
79
Suppose -19908 - 2588 = -16*t. Calculate the highest common factor of 370 and t.
74
Suppose 6*c - 10 = c. Let l be (c + -5)*(-14)/3. Let k(b) = 10*b**2 + 22*b - 119. Let j be k(-5). Calculate the greatest common divisor of l and j.
7
Suppose 3*r = -3*f + 9303, -8*f - 15304 = -4*r - 2888. Calculate the highest common divisor of r and 11.
11
Suppose 0 = -8*i - 2431 - 529. Let h = i + 746. Calculate the highest common divisor of h and 8.
8
Suppose 0*j - 4*o - 20 = -4*j, -5*j - 3*o + 1 = 0. Suppose 4*a = j*v + 134, -2*a = a + 3*v - 123. What is the greatest common divisor of a and 126?
18
Let p be 108/(-84)*(-28)/6. Let j be (-16)/24 + 166/(-3). Let z be 3*-6*j/21. Calculate the greatest common divisor of z and p.
6
Suppose -6*t + 4 = -4*t. Suppose -3*q + t = -1. Let k be (7/((-7)/8))/(-4). What is the greatest common factor of q and k?
1
Suppose -z + w = -7, -3*z - w + 1 = -0*w. Let f be (-1 + z)/(1/294). Let l be (-4)/5 - f/(-30). What is the greatest common divisor of 6 and l?
3
Let t be -58*(4 + ((-44)/8 - -2)). Let f be (t + 26)*(-1 + (-2)/(-3)). Let u be (54/(-72))/(f/(-4)). What is the greatest common divisor of u and 7?
1
Let b = -77 + 77. Suppose -22*t + 20*t + 24 = b. Suppose 7*s - t = 3*s. What is the highest common divisor of 6 and s?
3
Suppose -2*j = j + 24. Let y(q) be the third derivative of q**5/60 - 2*q**3/3 + 3142*q**2. Let f be y(j). What is the greatest common factor of 24 and f?
12
Let o = -36 - -31. Let u(i) = -4*i - 20. Let b be u(o). Suppose 5*c - 3*w - 525 = 0, -3*w + 525 = 5*c - b*c. What is the greatest common factor of c and 21?
21
Suppose 14*z - 6152 = -4*y + 12*z, -y + z + 1535 = 0. What is the greatest common divisor of 58 and y?
29
Suppose 0 = -2*w + 646 + 770. Let o be (-6)/(-2)*172/43. Calculate the highest common factor of w and o.
12
Suppose -3*q - 798 = -4*o, 3*o + q + q = 590. Let x = -716 - -606. Let d = o + x. Calculate the greatest common divisor of d and 11.
11
Suppose -3*a - 5*m = -289, -5*m = -7*m + 10. Calculate the highest common divisor of a and 902.
22
Let c(o) = 2*o - 4*o + 748 + 29*o**2 - 756. Let j be c(4). What is the highest common factor of 32 and j?
32
Suppose -316*g = 317*g - 648*g + 14160. Calculate the greatest common factor of g and 48.
16
Let t be (36/(-9))/(-16) + (-7)/((-140)/14655). What is the highest common factor of t and 2?
1
Let b(d) = d**3 + 99*d**2 + 11*d + 1122. Let a be b(-99). Suppose 0*s + 792 = 3*s. What is the highest common divisor of a and s?
33
Suppose -2*c = -7 - 67. Let z = -14 + c. Suppose r - 5*r = -k + z, 0 = -k + r + 20. What is the greatest common divisor of k and 133?
19
Let z be 9/((-378)/12) - (-3876)/42. Suppose z + 84 = v. What is the greatest common factor of v and 32?
16
Suppose 2*l = -3*l - 3*y + 633, -2*y + 2 = 0. Let c = l - 123. Suppose -5*g + 140 = 4*z, -z + c*g = -29 + 11. What is the highest common divisor of 45 and z?
15
Let u be 6*((-91)/21 - -7). Suppose 0 = u*n - 26*n + 1680. Calculate the highest common factor of n and 280.
56
Let c = 17 + -49. Let x(u) = -35*u + 1. Let f be x(-1). Let s = f + c. Calculate the highest common factor of s and 28.
4
Suppose -39 = -2*y + 8*g + 95, -2*y + 164 = -2*g. Calculate the highest common divisor of y and 4408.
29
Let d(w) = 10*w**2 + 86*w + 1616. Let k be d(-36). What is the greatest common divisor of k and 1400?
280
Let p(n) = n**2 + 4*n - 17. Suppose 5*b = 3*j + 1, -7 = j - 2*b - 8. Let s be p(j). What is the greatest common divisor of 32 and s?
4
Suppose 3*s + 169940 = 4*z, 0 = -2*s + 514 - 530. Calculate the greatest common factor of 397 and z.
397
Let q = 41 - 34. Suppose 0*x = -q*x + 182. Suppose g = 2*w - 2, -2*g - 5*w + x = -g. Calculate the greatest common factor of g and 48.
6
Let f = -114 + 178. Let l = f + -56. Let c(w) = -w**2 + 11*w + 10. Let t be c(l). What is the highest common divisor of 17 and t?
17
Suppose -11865 + 11235 = -14*j - 16*j. Calculate the highest common factor of j and 867.
3
Let a be (6 + (-155)/25)*0. Suppose -3*y + 8*y + 2*s - 236 = a, -2*y + 77 = -5*s. Calculate the highest common factor of y and 69.
23
Let t(m) = 2*m**3 - 4*m**2 + 2*m + 1. Let c be t(2). Suppose 2*u - 5*s = 3855 - 3866, -2*u + s = -25. Calculate the highest common factor of c and u.
1
Suppose 3*i = -3*i + 120. Let y = 2372 - 2322. Calculate the greatest common divisor of y and i.
10
Let m(y) = y**2 - 43*y - 648. Let w be m(56). Calculate the highest common factor of w and 250.
10
Let q = -36 + 38. Suppose -10*a - 408 = -q*a. Let n = a - -63. Calculate the greatest common factor of n and 60.
12
Suppose -22*j = -35*j + 26. Suppose -9*g - 5*f = -14*g + 145, 0 = j*g - f - 53. What is the highest common divisor of 40 and g?
8
Let d be 48/(-18)*(90/4)/(-5). Let a be 44 + (-10 + d)*(-10)/4. Suppose -52 = -g - g. What is the highest common divisor of g and a?
13
Suppose -2*x + 0*x = -22. Suppose -6*n - 4*v = -7*n + 179, 4*v = -20. Suppose -d - n = -247. What is the greatest common divisor of x and d?
11
Let k(n) = -n**2 + 52*n - 654. Let y be k(27). Let g = -55 + 80. Suppose -4*a + 6*t = t - 48, 0 = -3*a + t + g. Calculate the highest common factor of a and y.
7
Suppose 19*n - 18*n + 512 = 0. Let m be 51/21 + -2 - n/14. Calculate the greatest common divisor of 407 and m.
37
Suppose -911 = -101*g - 82 + 1393. What is the greatest common factor of g and 110?
22
Suppose -217 + 1 = 6*b. Let q be b/(-15) + (-2)/(-15)*-3. Suppose 5*g + q*v = 52 + 41, g - 29 = -3*v. What is the greatest common factor of 51 and g?
17
Suppose -3*a + 3*r - 126 = -387, a - 67 = -3*r. What is the highest common factor of a and 8282?
82
Let b = -41 + 23